1000200
341032144 (base 5) to base 13
40797b
Convert -101010101000001 (base 2) to base 4.
-11111001
3200201212 (base 4) to base 8
3404146
Convert 35391 (base 10) to base 13.
13155
Convert -87554a (base 13) to base 14.
-5cb975
316427 (base 8) to base 15
21501
What is 2123301232 (base 5) in base 13?
c1b7aa
-1010111001011100011010 (base 2) to base 7
-33165442
What is 10000100110101100010010 (base 2) in base 13?
b95319
Convert 3024707 (base 8) to base 13.
21ba96
Convert -1f5cac (base 16) to base 8.
-7656254
413333 (base 5) to base 13
6258
23441233 (base 7) to base 12
8421aa
What is -10532545 (base 7) in base 4?
-3133210201
Convert 19b2bb (base 14) to base 10.
914309
Convert 2232635 (base 7) to base 2.
1000011101010000001
Convert 103113323030 (base 4) to base 16.
4d7ecc
683378 (base 10) to base 11
427483
64ed0 (base 16) to base 15
82747
1430c (base 15) to base 9
107813
-30463228 (base 9) to base 8
-67630034
Convert 54927 (base 12) to base 8.
332457
-19110a9 (base 12) to base 14
-9a87bb
Convert -175620 (base 8) to base 13.
-2340b
-17b5b (base 16) to base 9
-157185
What is 4959b7 (base 15) in base 13?
95c830
-15862456 (base 10) to base 5
-13030044311
What is -110223044 (base 5) in base 4?
-1310113221
What is -3113320234 (base 5) in base 10?
-6385694
-8400a (base 15) to base 6
-12545314
11403234 (base 5) to base 14
2ac50
What is -2c38 (base 16) in base 9?
-16467
Convert -6765634 (base 10) to base 6.
-401002214
What is 1033103112 (base 4) in base 9?
544513
26283 (base 12) to base 4
30300003
-18263145 (base 9) to base 6
-525022022
What is -22101143 (base 7) in base 3?
-10120111210002
Convert 203110002 (base 4) to base 15.
2cccc
-6d646 (base 15) to base 6
-11251533
What is 440535 (base 7) in base 5?
4431403
What is 34342212 (base 6) in base 4?
10001223200
Convert -228a1 (base 11) to base 6.
-412515
Convert -560635 (base 14) to base 15.
-3ca679
Convert -42023234 (base 5) to base 3.
-122112212020
Convert -44113023 (base 6) to base 15.
-1aee53
-c5e (base 15) to base 13
-1367
-45757 (base 9) to base 12
-157a4
What is 52594 (base 13) in base 3?
21112020121
-11010000011010010 (base 2) to base 11
-73196
What is -14723763 (base 9) in base 5?
-3334304014
-550203 (base 9) to base 4
-1100020113
-3342434 (base 7) to base 10
-413879
What is 521625 (base 7) in base 9?
145676
What is -110202102002022 (base 3) in base 14?
-c866c9
What is 3038539 (base 11) in base 6?
311032353
-ba38d (base 15) to base 7
-5012203
Convert -103014134 (base 5) to base 11.
-27a640
594b74 (base 12) to base 9
2633387
What is -7272201 (base 10) in base 14?
-d7430d
What is -1100654 (base 8) in base 10?
-295340
What is -75676 (base 12) in base 6?
-3152230
1011111101002 (base 3) to base 8
2272622
Convert -1126a34 (base 11) to base 2.
-111100001001110110111
-778a7 (base 11) to base 15
-236ae
Convert 310121 (base 7) to base 4.
30322112
-331020211331 (base 4) to base 14
-21b252d
Convert -3520213 (base 8) to base 13.
-277429
4759c (base 13) to base 14
35845
What is -88928 (base 16) in base 14?
-107c12
706181 (base 11) to base 12
469195
Convert -2873 (base 16) to base 3.
-112012112
Convert 125323251 (base 6) to base 2.
1001100010001101101111
4045000 (base 8) to base 12
435940
95349 (base 11) to base 7
1115532
What is -323400215 (base 7) in base 9?
-40380322
Convert 10a30 (base 15) to base 4.
30322320
12b50 (base 14) to base 13
17cc6
Convert -1862015 (base 10) to base 11.
-1061a61
-112213003 (base 4) to base 7
-534001
Convert -1112210000011 (base 3) to base 5.
-202303231
-3215055 (base 6) to base 4
-212203223
150135 (base 7) to base 9
43556
5d8b6 (base 14) to base 13
805b4
What is -271028 (base 10) in base 14?
-70ab2
What is 1b8b0 (base 16) in base 4?
123202300
Convert -615030 (base 16) to base 13.
-1423aa6
11010001111111011110 (base 2) to base 11
538253
What is 11132042 (base 5) in base 16?
182ce
3233320332 (base 4) to base 12
3b4766
What is 78252 (base 14) in base 13?
a27ab
What is 299fe (base 16) in base 5?
20423434
Convert 11001110111010011110 (base 2) to base 6.
30055410
Convert -23dd4d (base 16) to base 5.
-1100203123
-25d0ca (base 16) to base 12
-9b6236
What is -170492 (base 16) in base 15?
-1ebe68
What is -305113 (base 7) in base 12?
-26257
What is 533225254 (base 6) in base 3?
122200102111221
What is -10135445 (base 6) in base 14?
-78a21
Convert 366722 (base 11) to base 13.
173c14
What is -21233214 (base 6) in base 13?
-18c337
Convert 415217 (base 8) to base 12.
67953
Convert -172995 (base 10) to base 9.
-283266
-2220010332 (base 4) to base 8
-2500476
-29038 (base 10) to base 5
-1412123
-bd30c (base 14) to base 2
-1110000000001100000
Convert 1770707 (base 9) to base 6.
33125141
-12012211220 (base 3) to base 7
-605232
What is 1325215 (base 6) in base 12?
3680b
What is 57590 (base 12) in base 14?
306cc
35ad (base 14) to base 11
7044
What is -4235343 (base 7) in base 8?
-1752432
Convert -34342043 (base 5) to base 11.
-1a11a0
92b99 (base 16) to base 5
123212420
What is -1501436 (base 7) in base 2?
-110001011000001010
4619906 (base 10) to base 8
21477202
Convert -688220 (base 10) to base 2.
-10101000000001011100
2145513 (base 9) to base 7
12536202
-348451a (base 11) to base 7
-102460451
Convert -13001103313 (base 4) to base 15.
-26546a
232321021033 (base 4) to base 9
25115351
232250 (base 11) to base 5
43301414
What is 250980 (base 10) in base 2?
111101010001100100
30235354 (base 6) to base 12
355b5a
-ba9b5 (base 13) to base 12
-1435aa
2a88895 (base 11) to base 4
110021222300
What is 1033010202 (base 4) in base 3?
121110021100
What is 10111212020 (base 3) in base 2?
10000111000100001
What is -24420324 (base 5) in base 9?
-384042
Convert -13312230310 (base 4) to base 12.
-833704
Convert -12252 (base 11) to base 10.
-17602
What is 125323e (base 15) in base 10?
13173134
Convert -774501 (base 8) to base 15.
-52262
-230103311 (base 4) to base 15
-38b98
Convert -b33a2 (base 14) to base 15.
-87ce3
What is 26005550 (base 7) in base 9?
4378368
Convert 1080138 (base 11) to base 7.
22024566
-31404012 (base 5) to base 16
-4035f
Convert -4030 (base 16) to base 15.
-4d07
What is 200201102122100 (base 3) in base 6?
553121230
What is -1332233211 (base 4) in base 8?
-1765745
Convert -224542203 (base 7) to base 8.
-64327216
Convert -1320302211 (base 4) to base 6.
-14334313
What is 11275181 (base 10) in base 14?
16d7061
Convert -101001221102220 (base 3) to base 7.
-63332235
-68734 (base 11) to base 8
-302062
2c52e (base 16) to base 6
3520302
-14a2369 (base 12) to base 8
-17774601
Convert -52cb0 (base 14) to base 15.
-3e434
51b9c (base 16) to base 11
209557
Convert 51562040 (base 7) to base 12.
155049b
Convert -135d932 (base 14) to base 16.
-8f0398
10200010220022 (base 3) to base 11
1113185
Convert -203c0 (base 16) to base 7.
-1056635
Convert -1053315 (base 7) to base 16.
-1ff1a
19877a (base 11) to base 7
2405320
457585 (base 9) to base 8
1030232
-223758 (base 10) to base 16
-36a0e
Convert 3c7b0d (base 15) to base 13.
7ac42b
a9490 (base 11) to base 13
57488
-27643 (base 16) to base 14
-42b2b
Convert 40627 (base 8) to base 12.
9873
-2232114 (base 5) to base 15
-bb3e
What is 8665006 (base 9) in base 12?
1682373
Convert -43499 (base 10) to base 16.
-a9eb
-222202233 (base 4) to base 9
-285026
What is -1055336 (base 11) in base 4?
-13010012233
150540011 (base 6) to base 10
3123367
Convert -552255 (base 14) to base 10.
-2887155
1033401033 (base 5) to base 3
11020011022220
Convert 1b824 (base 14) to base 4.
101020320
-33203430 (base 5) to base 16
-464f6
-735573 (base 8) to base 2
-111011101101111011
What is -4651361 (base 7) in base 8?
-2164450
Convert 610538 (base 9) to base 6.
11424355
Convert -1111010001001100001010 (base 2) to base 12.
-1410376
What is d8375 (base 14) in base 6?
15104523
What is 4211402 (base 6) in base 10?
203834
-222a354 (base 11) to base 8
-16721216
32057c (base 16) to base 5
1314400304
4540261 (base 8) to base 7
13306011
What is -11836715 (base 9) in base 14?
-ab3c2c
-1011010101101000 (base 2) to base 6
-555000
Convert 2133251 (base 6) to base 15.
214d7
Convert -2731556 (base 9) to base 3.
-2211001121220
-236a04 (base 11) to base 14
-9aa5b
19e88 (base 16) to base 9
171511
What is 14440412 (base 5) in base 8?
460124
What is 2940126 (base 10) in base 2?
1011001101110011011110
1676a (base 14) to base